{"id":29,"date":"2016-02-11T14:32:44","date_gmt":"2016-02-11T13:32:44","guid":{"rendered":"http:\/\/erich-grosse.de\/?page_id=29"},"modified":"2026-02-24T10:43:08","modified_gmt":"2026-02-24T09:43:08","slug":"willkommen-bei-deniss-e-v","status":"publish","type":"page","link":"https:\/\/deniss.de\/","title":{"rendered":"Willkommen bei DENISS e.V."},"content":{"rendered":"<div class=\"entry-content\">\n<p><strong>DENISS e.V. ist<\/strong><\/p>\n<ul>\n<li>ein gemeinn\u00fctziger Verein.<\/li>\n<li>ein Zusammenschluss von Vereinigungen von Seniorstudierenden, um das\u00a0Seniorenstudium an deutschen Universit\u00e4ten und Hochschulen zu f\u00f6rdern.<\/li>\n<li>f\u00fcr neue Mitglieder jederzeit offen.<\/li>\n<\/ul>\n<p><strong>DENISS e.V. hat<\/strong><\/p>\n<ul>\n<li>als Grundlage die Freiwilligkeit der Teilnahme.<\/li>\n<li>sich die Erhaltung der Formenvielfalt und individuellen Umsetzung des Seniorenstudiums zur Aufgabe gemacht.<\/li>\n<\/ul>\n<p><strong>DENISS e.V. dient<\/strong><\/p>\n<ul>\n<li>der Weiterbildung der Mitglieder.<\/li>\n<li>der Organisation von Workshops und Informationsveranstaltungen.<\/li>\n<li>der Planung und Durchf\u00fchrung von Tagungen zur Entwicklung des Seniorenstudiums und L\u00f6sung aktueller Fragen.<\/li>\n<li>dem Erfahrung\u2013 und Informationsaustausch untereinander bei Treffen\u00a0und \u00fcber das Internet (siehe \u201eDokumentation, Erfahrungsberichte\u201c).<\/li>\n<li>der Formulierung gemeinsamer Standpunkte.<\/li>\n<li>dem gemeinsamen Handeln zur Wahrung der Interessen der \u00e4lteren Studierenden gegen\u00fcber der Politik und der \u00d6ffentlichkeit.<\/li>\n<li>zur gegenseitigen Unterst\u00fctzung der Mitglieder untereinander beim Auf- und Ausbau ihrer Organisationen.<\/li>\n<\/ul>\n<p><strong>DENISS e.V. unterh\u00e4lt Kontakte<\/strong><\/p>\n<ul>\n<li>zu den in der Bundesarbeitsgemeinschaft Wissenschaftliche Weiterbildung f\u00fcr \u00c4ltere zusammengeschlossenen Organisatoren des Seniorenstudiums an den\u00a0Universit\u00e4ten (BAGWiWA).<\/li>\n<li>zur Bundesarbeitsgemeinschaft der Senioren-Organisationen (BAGSO) als Mitglied.<\/li>\n<li>zur Europ\u00e4ischen Vereinigung \u00c4lterer Studierender an den Universit\u00e4ten (EFOS).<\/li>\n<li>zur Internationalen Vereinigung der Senioren Universit\u00e4ten (AIUTA).<\/li>\n<\/ul>\n<\/div>\n<table style=\"height: 27px;\" width=\"590\">\n<tbody>\n<tr>\n<td style=\"text-align: right;\" width=\"704\"><a href=\"https:\/\/deniss.de\/wp-content\/uploads\/2017\/11\/Satzung-Verein-DENISS-e.V.pdf\" target=\"_blank\" rel=\"noopener noreferrer\">Satzung<\/a><\/p>\n<p><a href=\"https:\/\/deniss.de\/wp-content\/uploads\/2020\/09\/Beitrittserklaerung-DENISS_e.V.2020.pdf\" target=\"_blank\" rel=\"noopener noreferrer\">Beitrittserkl\u00e4rung<\/a><\/td>\n<\/tr>\n<\/tbody>\n<\/table>\n","protected":false},"excerpt":{"rendered":"<p>DENISS e.V. ist ein gemeinn\u00fctziger Verein. ein Zusammenschluss von Vereinigungen von Seniorstudierenden, um das\u00a0Seniorenstudium an deutschen Universit\u00e4ten und Hochschulen zu f\u00f6rdern. f\u00fcr neue Mitglieder jederzeit offen. DENISS e.V. hat als Grundlage die Freiwilligkeit der Teilnahme. sich die Erhaltung der Formenvielfalt &hellip; <a href=\"https:\/\/deniss.de\/\">Weiterlesen <span class=\"meta-nav\">&rarr;<\/span><\/a><\/p>\n","protected":false},"author":4,"featured_media":0,"parent":0,"menu_order":0,"comment_status":"closed","ping_status":"closed","template":"","meta":{"footnotes":""},"class_list":["post-29","page","type-page","status-publish","hentry"],"_links":{"self":[{"href":"https:\/\/deniss.de\/index.php?rest_route=\/wp\/v2\/pages\/29","targetHints":{"allow":["GET"]}}],"collection":[{"href":"https:\/\/deniss.de\/index.php?rest_route=\/wp\/v2\/pages"}],"about":[{"href":"https:\/\/deniss.de\/index.php?rest_route=\/wp\/v2\/types\/page"}],"author":[{"embeddable":true,"href":"https:\/\/deniss.de\/index.php?rest_route=\/wp\/v2\/users\/4"}],"replies":[{"embeddable":true,"href":"https:\/\/deniss.de\/index.php?rest_route=%2Fwp%2Fv2%2Fcomments&post=29"}],"version-history":[{"count":15,"href":"https:\/\/deniss.de\/index.php?rest_route=\/wp\/v2\/pages\/29\/revisions"}],"predecessor-version":[{"id":808,"href":"https:\/\/deniss.de\/index.php?rest_route=\/wp\/v2\/pages\/29\/revisions\/808"}],"wp:attachment":[{"href":"https:\/\/deniss.de\/index.php?rest_route=%2Fwp%2Fv2%2Fmedia&parent=29"}],"curies":[{"name":"wp","href":"https:\/\/api.w.org\/{rel}","templated":true}]}}